
Let i(f) = -2*f - 1. Let t(u) = -6*u - 21. Let o(x) = -5*i(x) - t(x). Let s(a) = 3*a + 5. Let r(p) = 2*o(p) - 11*s(p). Calculate r(7).
-10
Let t(f) = 8*f - 14. Let n(j) = -j**2 - 78*j - 223. Let d be n(-3). Give t(d).
2
Let v(k) be the first derivative of -k**3/3 + k**2/2 - 30. Let s(q) = -q**3 - 8*q**2 + 4*q + 2. Let j(z) = -s(z) + 3*v(z). Calculate j(-5).
3
Let n be 1/(0 + 5/1550) + -2. Let i be (-12)/(-7)*n/88. Let s(q) = 3 - 8*q + 0*q**3 + 1 - q**3 + 7*q**2. Calculate s(i).
-8
Let p(h) = -27*h + 16. Let u(f) = 19*f - 12. Let t(c) = 5*p(c) + 7*u(c). What is t(5)?
-14
Let p be (16/40)/(2/40). Let s(v) be the second derivative of 0*v**3 + 0 + 3*v**2 - 1/20*v**5 + 2/3*v**4 - 12*v. What is s(p)?
6
Suppose -5*a + 12*i = -3, 5*a - 4*i = 8*a - 13. Let t(p) = p**2 - 11*p + 18. Calculate t(a).
-6
Let o(a) = 90751*a - 90767*a - 8 - 75. Give o(-6).
13
Let h(f) = -f**3 - 22*f**2 - 62*f + 30. Let p be h(-19). Let a(l) = 7*l**2 + l**3 - 1 - 65*l - 61*l + p*l - 3*l**2. Calculate a(-4).
3
Let d be (13/(-52))/((-1)/(-164)) - -9. Let r(u) = -u**2 - 32*u - 3. Calculate r(d).
-3
Suppose -i + 2 - 1 = 0. Let z(h) = 4 + 0*h + 1 + i + h. Let k = -66 + 61. Determine z(k).
1
Let r(j) = -j - 9. Let o(a) = a**2 + a + 7. Let q be o(6). Let t = 54 - q. Suppose 2*l - 4*y + 6 + 12 = 0, 3*l = t*y - 26. Calculate r(l).
-2
Suppose -2*l = -21 - 27. Suppose 8*u + l = 3*b + 3*u, -b + 8 = -2*u. Let j = 13 - b. Let x(z) = -z**3 + 4*z**2 + 3*z + 1. Calculate x(j).
-9
Let d(c) = c**3 + 1. Suppose 15*t + 5*r = 11*t + 12, -t - 8*r = -30. Determine d(t).
-7
Let a(z) = z**3 + 52*z**2 - 283*z + 105. Let g be a(-57). Let f(n) = n**2 + 12*n + 37. Determine f(g).
10
Let j(z) = z**2 - 11*z - 205. Let m be j(-11). Let y(q) be the second derivative of -m*q + 0 + 2/3*q**3 - 5/2*q**2. Give y(6).
19
Let n(z) = -13*z + 54. Let r be 10/16*(45 + -37). What is n(r)?
-11
Let z(p) = 2*p**3 - 1102*p - 1095*p + 3293*p - 1108*p - 27*p**2. What is z(14)?
28
Let g(r) = r**3 + 11*r**2 + 13*r + 32. Let p be g(-10). Let t(w) = -3*w**3 + w**3 - 7*w**2 + w**3 - 6 + p*w**3 - 1. Give t(7).
-7
Let v(z) = 3*z - 48. Let i(w) = w**2 - 45*w - 408. Let n be i(-8). Determine v(n).
0
Let y(r) = 28*r**2 + 2*r - 1. Let j(d) = 10*d**2 - 6*d + 5. Let t be j(1). Let k be 3/2*t/(162/12). Calculate y(k).
29
Let d(x) be the second derivative of x**6/120 - 7*x**5/60 + x**4/12 - x**3 + 83*x**2/2 + 2*x + 6. Let w(y) be the first derivative of d(y). Give w(7).
8
Let j(f) = -15*f + 576. Let w(r) = -2*r + 102. Let d(b) = j(b) - 6*w(b). What is d(-6)?
-18
Suppose -8*a + 948 = 868. Let t(g) = 4*g - 47. Calculate t(a).
-7
Let s be (-5 + 3)/12*2*-18. Let y(a) = -154 - a**2 - 156 - s*a + 305. Give y(-6).
-5
Let u(n) = n**2 + 46*n - 635. Suppose -37 = -0*q - 4*q - 7*k, 0 = -4*k - 4. What is u(q)?
-8
Suppose 5*o + 24 = 384. Let q be -13 + (o/(-8) - -14). Let x(j) = 2*j + 14. What is x(q)?
-2
Let w(j) = j - 45. Let f(m) = m + 41. Let a(r) = -6*f(r) - 5*w(r). Determine a(5).
-76
Let f = 192 + -333. Let v = f - -141. Let w(s) = s**3 + 36. What is w(v)?
36
Let j be (5215/1490)/(14/16). Let r(u) = 3*u - 7. Let q(d) = 6*d - 13. Let x(w) = -3*q(w) + 5*r(w). What is x(j)?
-8
Let a(m) = -12*m - 42. Suppose 125*n + 115*n = 56*n - 736. Determine a(n).
6
Suppose 5*q = -0*q - m + 4, -3*q + m = 4. Suppose 3*u + q = -5*d + 16, 10 = 4*d + u. Suppose d*h = -2*h. Let l(r) = r + 2. What is l(h)?
2
Let k = 13237 - 13231. Let g(s) = s**2 - 8*s + 22. Determine g(k).
10
Let w(g) = 68*g - 11. Let z be w(0). Let l(p) = p**3 + 13*p**2 + 23*p - 12. Give l(z).
-23
Let x be (-18)/4 + (-42)/(-28). Let v(o) be the first derivative of -3*o + 3/2*o**2 + 4 + 2/3*o**3. Determine v(x).
6
Let n(q) = -3*q**3 - q**2 - 2*q - 2. Let s be n(-1). Let h(v) = -4*v - 1 + 6*v**2 - 7*v**s - 5 - 4*v. Let y = 13 - 18. What is h(y)?
9
Let h(r) be the third derivative of -r**6/120 + 3*r**5/10 + 5*r**4/8 - 5*r**3 - 33*r**2 - 3*r. Give h(19).
-106
Let w(j) = 7*j**2 + 2*j - 5. Let s(x) = -15*x**2 - 3*x + 10. Suppose 3*a + 19 + 20 = 0. Let d(c) = a*w(c) - 6*s(c). Determine d(-6).
17
Let p(k) = 30*k - 4*k - 19*k - 17*k - 31. Give p(-10).
69
Let k(r) = -17*r**3 - 3*r**2 - 5*r - 1. Let s = 533 + -534. Give k(s).
18
Let h(p) = -6 + 5 - 20 - 34*p + 37*p - 9. Give h(10).
0
Let n(t) = -221*t - 4415. Let j be n(-20). Let p(d) = -1 - 2 - 2 + d. Give p(j).
0
Suppose -39 + 40 = -l. Let b(q) = -q**3 - 2*q**2 + q + 1. Let y be b(l). Let t(c) = -c**2 + c + 1. Determine t(y).
-1
Let u be ((-5)/35)/((-20)/(-840)). Let o(q) = 13*q + 56. Determine o(u).
-22
Let j(p) = -52 - 63 + 156 + 2*p - 43. Determine j(-3).
-8
Let t(p) = -p. Suppose 2*i + 6 = 0, -a - 5 + 15 = -2*i. Let u(v) = 13 + v - a + 9*v - 3. Let b(g) = -22*t(g) - 2*u(g). What is b(9)?
6
Let x(o) be the third derivative of -3*o**2 + 0 - 1/120*o**6 - 1/6*o**5 + 11/24*o**4 + 1/6*o**3 - 13*o. Calculate x(-11).
1
Let b(l) be the second derivative of l**5/20 + l**4/3 - 5*l**3/6 - l. Suppose 1716 = 19*r - 284*r + 391. What is b(r)?
0
Let t(x) = -2*x - 6. Suppose 5*n - 22*n = -1734. Suppose 5*o - 2*s - 170 = 306, 4*o = -2*s + 388. Let d = o - n. What is t(d)?
6
Let m(y) be the third derivative of y**6/120 + y**5/4 + 3*y**4/4 + 5*y**3 + 2154*y**2. Give m(-14).
-26
Suppose 255*z + 10 = 257*z. Let t(u) = -5*u**2 - 6*u - 13. Let q(k) = -3*k**2 - 4*k - 9. Let x(w) = 8*q(w) - 5*t(w). Give x(z).
8
Let a(n) = -32*n - 14. Let f(p) = 6*p + 5. Let v(c) = a(c) + 5*f(c). Let i be (75/5)/((-6)/(-4)). Give v(i).
-9
Let p(z) = 22*z - 10. Let w(k) = 59*k - 31. Let q(y) = -8*p(y) + 3*w(y). Suppose -x = -3*r - 20, 0*x = 5*x - 5*r - 70. Give q(x).
-2
Suppose 65 = -5*k + 5. Let m(n) = n. Let p(d) = 10*d + 4. Let y(u) = k*m(u) + p(u). Let b = 39 - 34. What is y(b)?
-6
Let b(m) = 56*m + 4 - 25*m - 3 + 6 - 26*m. What is b(-4)?
-13
Let u(i) = 6*i**2 - i - 1 + 5*i**3 + 3*i - 7*i**2. Let x(j) = -j**3 + 7*j**2 + 4*j - 6. Let d be x(6). Suppose d = -2*q + 56. Determine u(q).
5
Let l(y) = 992*y - 5971. Let p be l(6). Let i(r) = -r**2 - 21*r - 17. Determine i(p).
21
Let i = -307 + 306. Let m(p) = 58*p + 5. Determine m(i).
-53
Let b(t) be the second derivative of -t**5/20 + 3*t**4/2 - 7*t**3/2 - 8*t**2 + 857*t + 1. Give b(17).
-84
Let c(n) = -n**3 - 32*n**2 - n - 24. Suppose 123 = 17*g + 499 + 168. Calculate c(g).
8
Let g(n) = -7*n - 142. Let z(f) = -f**2 + 23*f + 57. Let q be z(26). Determine g(q).
5
Let z(y) = -y**2 + 12*y - 33. Let c be z(6). Suppose 6*k - 16 = 2*t + 2*k, c*t = -k - 24. Let b(x) = 10*x + 5 - x**2 + 0*x**2 + 2*x**2. Determine b(t).
-11
Suppose 3*d + 57 = -f + 75, -4*f + 18 = 3*d. Let r(y) = 3*y**2 - 3*y - 22. Let u(j) = j**2 - j - 7. Let t(a) = 3*r(a) - 8*u(a). What is t(f)?
-10
Let b(g) = -10*g**2 + 7*g - 8. Suppose -15*m + 22*m - 7 = 0. Give b(m).
-11
Let j = -62 - -66. Suppose -26*z = -28*z - j. Let a(x) = -2*x**2 - 3*x**2 + 3 + 4*x + 4*x**2. Give a(z).
-9
Suppose -12 = -7*r + 9. Let l(u) = 1. Let i(h) = -h + 1. Let n(v) = i(v) - l(v). Give n(r).
-3
Let w = 26060 + -26061. Let g(s) = -7*s**2 + 2*s. What is g(w)?
-9
Let a(v) = -2*v - 1. Let o be (0 - 6740/30) + 4/6. Let y = o + 220. Calculate a(y).
7
Let j(i) = -i**3 - 5*i**2 - 4*i - 3. Let m(v) = 2*v + 6. Let u be m(7). Suppose 2*g - u = -3*g. Let y be 2/4*(-16)/g. What is j(y)?
-7
Let q(f) = f**3 + 15*f**2 - 2*f - 36. Suppose -390 = 12*a + 14*a. Calculate q(a).
-6
Let u(l) = 8*l - 3. Suppose -11*f = -5*h - 12*f + 26, -h + 14 = -2*f. Determine u(h).
45
Suppose -31*t + 1391 = -252. Let a(z) = 45 + t*z - 89*z + 37*z. Determine a(0).
45
Let x(l) = -l**2 - 4*l + 3. Let j = -61 + 145. Suppose 15*c - c = -j. Calculate x(c).
-9
Suppose -9*b = -7*b + 5*n - 563, -5*b + 1325 = -4*n. Let g(c) = 539 + c - b - 271 - 23*c**3 + c**2. Calculate g(1).
-22
Let s(d) = 11*d**2 + d + 2. Let t be s(1). Suppose t*c = 9*c + 25. Let r(y) = -7*y**2 + 6*y + y**3 + 3*y**2 - 9*y - 1. Determine r(c).
9
Let i(x) be the third derivative of -x**6/120 + x**5/10 + 11*x**4/24 + 2*x**3 - 341*x**2 + 3*x - 1. What is i(7)?
40
Let j(w) = -3*w + 104. Let q be j(33). Let f(o) = 2 - 4*o**3 + o**3 + 2 + 5*o**2 - o**3 - 2*o + q*o**3. Give f(-6).
-20
Let i(u) be the second derivative of -u**6/720 - 11*u**5/120 - 7*u**4/12 - 9*u. Let d(k) be the third derivative of i(k). Let r = 1253 - 1259. Determine d(r).
-5
Let c(u) = 845208 - 845208 + 9*u**3. Let i(r) = -r +